2*v = -12. Calculate the remainder when o(-9) is divided by t.
2
Suppose 5*c + 126 = 11*c. What is the remainder when 41 is divided by c?
20
Suppose 8*w - 147 = -35. What is the remainder when w is divided by 5?
4
Let h be (-1 + 2)/((-1)/(-5)). Let k = -4 - -9. Suppose -25 = -h*d, d = x - 7 - k. Calculate the remainder when x is divided by 9.
8
Suppose -5*n = -2*b + 26, b - 4*b - 5*n + 89 = 0. Calculate the remainder when 38 is divided by b.
15
Suppose 4*f + f + 2*k - 21 = 0, 0 = -4*f - k + 15. Let b = -402 - -405. What is the remainder when b is divided by f?
0
Suppose 2*t - j = 4*t + 3, 0 = -5*t + 3*j + 9. Suppose t*p = p - 1. What is the remainder when 1 is divided by p?
0
What is the remainder when (-12)/78 - (-1059)/39 is divided by 4?
3
Let d = 6 - 4. Let l be (-1 + 2)/(10/160). Let b = l + -14. Calculate the remainder when d is divided by b.
0
Suppose -230 = -2*q + 2*b, -2*b - 239 = 4*q - 669. Calculate the remainder when q is divided by 28.
26
Let j(c) = c**3 + c**2 + 2*c + 2. Let i be j(-2). Let m be (29/2)/((-3)/i). Suppose -4*t + m = -83. What is the remainder when t is divided by 10?
8
Calculate the remainder when 246/4*4/6 is divided by 15.
11
Let d be ((-15)/(-3) - 3)*-4. Let f(l) = l**2 + 7*l - 3. Let b be f(d). Suppose -b*w = -4*w - 13. Calculate the remainder when 38 is divided by w.
12
Suppose 6*y = 3*y. What is the remainder when -67*(y - (-2 - -3)) is divided by 1*92/(-6)*(-105)/70?
21
Let k = -17 + 31. Let q(b) = 13*b**2 - b. Let h be q(1). Let s = h - 4. Calculate the remainder when k is divided by s.
6
Let m(l) = 2*l**2 + 5*l + 2. Let u be m(-3). Suppose u*h - o = 10, 5 - 36 = -2*h - 5*o. Calculate the remainder when 10 is divided by h.
1
Let r = -16 - -47. Let a = -35 + 51. Calculate the remainder when r is divided by a.
15
Let c(h) = h**3 + 6*h**2 + 3*h - 2. Let t be c(-5). Suppose 3*d - d = t. Calculate the remainder when (2/(-1))/(-2)*11 is divided by d.
3
Suppose -5*x + 11 - 57 = -2*v, -4*v = 3*x - 40. Let r = -5 + v. What is the remainder when 21 is divided by r?
5
Let d = 10 - 4. Suppose -z + 4 = -d. What is the remainder when z is divided by 7?
3
Suppose 2*g - 1 - 15 = 0. What is the remainder when g is divided by 3?
2
Let t = 30 - 16. What is the remainder when 26 is divided by t?
12
Let y be (-2)/(-2 + (-11)/(-6)). Let x be (-22)/33 - (-14)/3. What is the remainder when 31 is divided by 99/y - 1/x?
7
Suppose 24 = 16*q - 15*q. Let z = -5 - -10. What is the remainder when q is divided by z?
4
What is the remainder when 63 is divided by (-46)/(-4) + (-3)/6 - -2?
11
Suppose -6*m + 287 = m. Calculate the remainder when m is divided by 11.
8
Suppose -y - 2*c = -18, -c - 12 = -5*c. What is the remainder when 33 is divided by y?
9
Let z(i) = -i**2 + 18*i + 30. What is the remainder when z(17) is divided by 17?
13
Let y = 39 - 25. Let c(a) = a**3 + 5*a**2 - 3*a - 6. Let l be c(-6). Let m = 65 + l. What is the remainder when m is divided by y?
13
Suppose -j - 2*j + 17 = -2*k, 2*k + 12 = -2*j. Let i = -7 - k. Suppose 4*a = u + 118, i = -a + u + 22 + 9. Calculate the remainder when a is divided by 10.
9
Suppose -5*m = -0*m - 125. Suppose -3*k - 2*n = -23 - 2, 2*k - 20 = -3*n. What is the remainder when m is divided by k?
4
Suppose 72 = 2*y - 5*s, 0 = -y - 5*s + 10*s + 36. Calculate the remainder when y is divided by 20.
16
Suppose -3*j - 67 = -4*q, -4*q - q + 81 = -j. What is the remainder when q is divided by 9 + -6 + (0 - -3)?
4
What is the remainder when ((-2)/(((-10)/(-157))/5))/(-1) is divided by 20?
17
Let j = 1 + -9. Calculate the remainder when (94/8)/((-2)/j) is divided by 12.
11
Let v be 1*2*(-2)/4. Let f = 14 - v. Let u = f + -11. What is the remainder when 6 is divided by u?
2
Suppose 3*y = -5*d - 9, -15 = d - 0*y + 5*y. Suppose d = -0*l + 2*l - 6. What is the remainder when (-2 - (-189)/l)/1 is divided by 16?
13
Let j(n) = -n**2 - n - 1. Let l(c) = 5*c**2 + 11*c + 21. Let p(a) = 6*j(a) + l(a). What is the remainder when p(7) is divided by 1?
0
Suppose 0 = -6*q + 5*q - 4, 3*u - 3*q - 21 = 0. Calculate the remainder when 7 is divided by u.
1
Suppose -5*s - 7*z + 490 = -2*z, -4*z = 3*s - 299. Suppose s = 5*p + 18. Calculate the remainder when p is divided by 9.
6
Let d = -3 + 80. Let m = d + -22. What is the remainder when m is divided by 14?
13
Let j(b) = b - 5. Calculate the remainder when 2 is divided by j(7).
0
Suppose -j = -3*x - 3*j + 34, 0 = x - 2*j + 2. Let s = 49 - 28. Calculate the remainder when s is divided by x.
5
What is the remainder when (-27)/(-2) + 9/(-18) is divided by 5?
3
Let t(v) = 6*v**2 + 2*v + 2. Let q be t(-2). Suppose -p + q = p. Let u(g) = 9*g - 5. Calculate the remainder when u(4) is divided by p.
9
Suppose -5*r + 6 = -4*r. What is the remainder when 21 is divided by r?
3
Suppose 2*n + 4*y - 5 = 19, -5*y + 25 = 0. Suppose 0 = -n*x + x + 19. What is the remainder when x is divided by 14/(-6)*9/(-3)?
5
Suppose -23 - 13 = -2*t. Suppose 0 = -5*x - 15, 4*y - 23 = 5*x - 0*x. Calculate the remainder when t is divided by (1/y)/(1/20).
8
What is the remainder when 38 is divided by 0 - -3 - (-15 - -5)?
12
Let a(j) = j**2 + 5*j - 10. Let o be a(-7). Suppose -3*i = 3*u - 54, -3 - 3 = -2*u + o*i. What is the remainder when 38 is divided by u?
12
Let y(o) = o**3 - 7*o**2 - 2*o - 1. Let x be y(7). Calculate the remainder when 14 is divided by 4/(-6) - 130/x.
6
Suppose -2*c + 11 = -17. Calculate the remainder when 25 is divided by c.
11
Let c(h) = 31*h**3 - 2*h**2 + h. What is the remainder when c(1) is divided by 17?
13
Suppose 0 = 4*w - 7*w - 234. Suppose -2*t + 23 + 31 = 4*b, 55 = 4*b + t. Calculate the remainder when (w/15)/1*-5 is divided by b.
12
Let y(i) = -3*i**3 + 2*i**2 - 4. Let b be 6/(-30) - 9/5. What is the remainder when 109 is divided by y(b)?
25
Let s(n) = -2*n - 10. Suppose -2*i = -7*i - 30. Let g = i - -11. Calculate the remainder when s(-9) is divided by g.
3
Let m be ((-8)/(-5))/((-7)/35). Let n(h) = h**3 + 8*h**2 - 2*h - 9. Calculate the remainder when 20 is divided by n(m).
6
Let f(v) = 104*v**3 + v - 105*v**3 - v**2 + 55 + 2*v**2. What is the remainder when f(0) is divided by 14?
13
Let d(f) = 9*f**2 - 4*f + 2. What is the remainder when 89 is divided by d(2)?
29
Let y(w) = -4*w + 7. Let k be y(-5). Suppose 4*i + 43 = 5*f, -3*f + k = -2*i - i. Calculate the remainder when f is divided by 2.
1
Suppose 2*c - 27 - 7 = 0. Let v = c - 7. What is the remainder when v is divided by 4?
2
Suppose 6*j - 165 = -5*j. Calculate the remainder when j is divided by 8.
7
Suppose 2*g - 2*z + 10 = 0, -g + 5*z - 2*z = 9. Calculate the remainder when g - (0 - 7) - 0 is divided by 2.
0
Suppose 5*o = 5*p - 395, 5*o + 146 = 2*p - 0*o. Calculate the remainder when p is divided by 21.
20
Suppose 5*q + 86 = 2*c, q + 0*q + 94 = 2*c. Let n = -26 + c. Suppose 5*w + 27 = o + 2*w, 3*w - 99 = -2*o. What is the remainder when o is divided by n?
20
Let y be 0 + (1 + 0 - 1). Let x be (-1 - y)/((-2)/(-10)). Calculate the remainder when 30 + (-2 - (x - -2)) is divided by 11.
9
Let v be (-19)/(-4) + (-1)/(-4). Let i(w) = -33*w - 2. Let c be i(-2). Suppose -c = -v*y + 31. What is the remainder when y is divided by 7?
5
Let d = 32 - 11. What is the remainder when 41 is divided by d?
20
Suppose -3*u = 2*f + 2*u + 11, 0 = -f + u + 5. Suppose -q = f - 4. Calculate the remainder when 3 is divided by q.
1
Suppose 8 = -0*j + j. Suppose i - 7 = -2*g, -3*i = 5*g + i - 13. What is the remainder when j is divided by g?
3
Let l(x) be the first derivative of x**4/4 + 8*x**3/3 - 3*x**2/2 - 3*x - 1. What is the remainder when l(-8) is divided by 11?
10
Let b = 21 - -4. What is the remainder when 98 is divided by b?
23
Suppose -5*a = 4*u + 45, 4*a = -0*a - 4*u - 36. Calculate the remainder when 9/a + 0 + 23 is divided by 8.
6
Suppose r = 3*f - 2*f + 3, -27 = -5*r - f. Suppose -c + 60 = -r*c. What is the remainder when 8 is divided by (-6)/c + (-69)/(-15)?
3
Let y be (4/3)/(2/(-9)). Let t(x) = -x**3 - 5*x**2 + 3*x - 2. Suppose 2*c - 3*d - 75 = 0, 0 = -c - d - d + 20. What is the remainder when c is divided by t(y)?
14
Let z = 33 - 21. What is the remainder when 20 is divided by z?
8
Let o(t) = t**3 - 6*t**2 + 2*t - 8. Let u be o(6). Let a(q) = -5*q. Let c be a(-2). Suppose u*x = 158 - c. What is the remainder when x is divided b